+ l**3/6 + l**2 + 4973*l. What is t(-6)?
85
Let a(y) = 33*y + 121. Let m(c) = -85*c - 303. Let v(h) = -13*a(h) - 5*m(h). Calculate v(-24).
38
Let q(s) = 4*s - 3. Suppose 5*j = 5*d - 35, 3*d - 4*j - 22 = -0*j. Suppose -5*t + 50 = -5*m, 0 = t + d - 10. Give q(m).
-27
Suppose 9*r = 177 + 183. Let s(m) = -16*m + r*m + 2 - 14*m - 3 - 12*m. Calculate s(12).
-25
Suppose -27*b = 18*b - 56*b. Let n(m) = -m + 60. Calculate n(b).
60
Let h(c) = -c**2 + 20. Let b be ((-8)/12)/(8/(-180)*5). Suppose 3*l = -2*p, 2*l = -b*p - l. Give h(p).
20
Let o(x) = -x**2 + 3*x + 8. Let w be 10 - 6 - (-13)/(13/2). What is o(w)?
-10
Suppose 7*d = 2*d + 15. Let k(n) = 7 - 4 + 6 - n - 6 + d*n. Determine k(-4).
-5
Let n(z) = -20*z**2 + 47*z - 41. Let h(m) = -7*m**2 + 16*m - 13. Let s(u) = 17*h(u) - 6*n(u). Calculate s(7).
4
Let f(q) = 3276*q**3 + 3261*q**3 - 4*q**2 - 5 - 6538*q**3. What is f(-4)?
-5
Let w(x) be the third derivative of -31*x**4/24 - 17*x**3/2 - 116*x**2 - 2*x + 1. Determine w(-5).
104
Let l(m) be the first derivative of -m**4 + m**2/2 - m - 232. Let y be (-675)/(-105) - (-4)/7. Suppose 2*x - 4*x + y = 5*k, 0 = -k + 1. Determine l(x).
-4
Let u(p) = -11*p**2 + 18*p + 3. Let g = 23481 + -23478. What is u(g)?
-42
Let b(r) = -3*r**2 + 93*r - 556. Let q be b(24). Let p(y) = y**2 + 49*y - 147. What is p(q)?
9
Let a(s) = -2*s**2 - 4*s - 4. Let v = 34 - 20. Let l(m) = m**2 - 13*m - 11. Let c be l(v). Suppose 5*q - 3*g + 6 = 0, -c*g - 26 + 5 = 4*q. What is a(q)?
-10
Let k(a) = 0*a**2 + 2*a**2 + 195 + 5892*a - 2938*a - 2856*a. Calculate k(-47).
7
Let r(i) be the first derivative of -1/2*i**4 - 3*i**3 + 1/2*i**2 - 7*i - 13. Let h(f) = 3*f**3 + 10*f**2 + 8. Let b(k) = 3*h(k) + 4*r(k). What is b(4)?
-20
Let i be (-2)/3 - 55/(-15). Let k(r) = r**2 + 10*r + 24. Let o be k(-7). Let m(a) = -2*a**3 - 4*a**2 + 6*a - 5 - 2*a**3 + o*a**i + 4. Give m(-5).
-6
Let w(t) = 7*t - 35. Let o be w(5). Suppose o = -3*q + 4*q - 3*g - 11, q - 2*g - 7 = 0. Let r(y) = 7*y - 1. Calculate r(q).
-8
Let n = -294 + 296. Suppose -4*u + 29 = 1. Let b(c) = -n + 20 - c - u. Calculate b(9).
2
Let p(s) be the third derivative of s**5/60 + s**4/8 - 81*s**3/2 + s**2 - 1166*s. What is p(14)?
-5
Let m(l) be the third derivative of -3*l**4/4 + 45*l**3 + 2*l**2 + 18*l + 64. Determine m(15).
0
Let r be 0 - -3 - (-4 + (4 - 0)). Let y(l) = 12*l**2 - 3*l - 6*l**3 + l**3 - 9*l**2 + 4*l**3 - 2. Determine y(r).
-11
Let m = 1382 + -1381. Let x be 3/((-3)/3) - -5. Let g(p) = x*p - p + 7*p. What is g(m)?
8
Let q be ((-52)/12 - -5)*(-6)/4. Let v(b) = -10*b + 2. Let w be v(q). Suppose w = 2*x + 4*x. Let k(u) = 2*u**3 + 2*u**2 - 3*u. Give k(x).
18
Let p(b) be the second derivative of -1/3*b**4 - 5/3*b**3 - 3*b + 0 + 9/2*b**2. Let l(v) = -v**2 - v + 1. Let n(d) = -5*l(d) + p(d). Give n(4).
0
Let s(t) = 2*t + 6. Let n(q) = -q + 11. Let z(w) = -w**2 + 12*w - 4. Let k be z(11). Let p be n(k). Let l be (-104)/39*9/p. Give s(l).
-6
Let l(g) = 1 + 71*g**2 - 72*g**2 - 6 - 9*g. Suppose -3*k + 2*c - 11 = -6*k, 0 = 5*k + 5*c - 25. Suppose -k = -8*f - 33. What is l(f)?
15
Let x = 206 - 189. Let r(b) = b**3 - 15*b**2 - 30*b - 68. What is r(x)?
0
Let h(g) be the second derivative of g**5/20 - 2*g**4/3 + 19*g**3/6 - 13*g**2/2 - g - 1861. Determine h(3).
-1
Let q = -486 - -492. Let j be (3/(-4))/(q/(-24)). Let i(b) = -b**3 + 3*b**2 + 3*b + 3. Calculate i(j).
12
Let j(c) be the third derivative of -9*c**5/40 - 65*c**3/6 - 76*c**2. Let b(h) be the first derivative of j(h). Calculate b(-1).
27
Let n(h) be the second derivative of -h**7/840 - 7*h**6/360 - h**5/30 + h**4/24 + 52*h**3/3 - 100*h. Let r(d) be the second derivative of n(d). Determine r(-4).
-31
Let g(s) = -s**2 - 33*s + 152. Let m(z) = 58*z + 2283. Let p be m(-40). Give g(p).
4
Let i be 39/(-104) + (-90)/16. Let o be (2 - i - 14) + 8. Let b(j) = -3*j**3 + 2*j**2 + 2*j - 3. Determine b(o).
-15
Let t = 85 + -92. Let m be t/((-3)/(-7) + (-60)/(-105)). Let j(h) = -h**2 - 8*h + 4. Give j(m).
11
Let p(h) = 12*h**2 - 4*h - 81. Let x(a) = -13*a**2 + 6*a + 82. Let m(c) = -3*p(c) - 2*x(c). Let z(y) be the first derivative of m(y). Determine z(-1).
20
Let x(b) = -3*b**2 + 3*b + 5. Let d(o) = o**2 - o - 1. Let z(s) = -2*d(s) - x(s). Suppose -c + 4 = 0, -412*c + 25 = y - 407*c. Determine z(y).
17
Let q(w) = 117*w**2 - 37*w - 9*w + 16*w**2 - 125*w**2 + 14. Determine q(6).
26
Let w(x) = -5*x - 18. Let o be w(-8). Suppose o = 10*v + 72. Let z(k) = -k**2 - 5*k + 3. Give z(v).
3
Let s(w) = w**2 + 13*w - 21. Let k(v) = 7*v**2 - 238*v - 13. Let f be k(34). Calculate s(f).
-21
Let p(l) = l**2 + 8*l + 8. Let r be p(-6). Let f be 2/r*-6 + 0. Suppose 0*d + d + f = 0. Let b(j) = -2*j + 2. Give b(d).
8
Let t(q) = 2*q - 25*q + 5*q + 17*q. Let l = -4 - -4. Calculate t(l).
0
Let t = -51 + 41. Let z be (-51)/6 + (t/4 - -3). Let g(l) = l**2 + 7*l - 2. Determine g(z).
6
Let i = -37 - -36. Let b be i*((-6)/1)/(-2). Let y(k) = 1251 - 1254 + 4*k**2 - 5*k**2 - 4*k. Determine y(b).
0
Suppose 0 = 4*v - 42 + 38. Let g(t) = 4*t**3 - 4*t**2 + 7. Let f(k) = k**3 + 2*k**2. Let o(u) = v*g(u) - 3*f(u). Determine o(10).
7
Let b(f) = -11*f**3 + 9*f**2 - 32*f + 124. Let o(c) = -13*c**3 + 10*c**2 - 31*c + 146. Let n(s) = 7*b(s) - 6*o(s). Determine n(-8).
-24
Let k(h) = 86 + 0*h**3 + 14*h - 47 - h**3 + 7*h**2 - 37. Give k(8).
50
Let x(v) be the first derivative of -v**4/4 - 10*v + 22405. Let z be 0/((0 + 1)/1). Calculate x(z).
-10
Let h(u) be the third derivative of 0*u - 117*u**2 - 1/3*u**3 + 0 - 1/12*u**4 + 1/60*u**5. Determine h(5).
13
Let v(h) be the second derivative of h**4/12 - 2*h**3/3 - 3*h**2/2 - 4827*h. Let u be (6/10)/(1/5). Suppose 0 = u*r - 14 - 1. Calculate v(r).
2
Let a(q) = 7*q - 2. Let v be a(6). Let n = -38 + v. Let s(d) = 5*d**2 + 4*d - 3. Let o(h) = h - 1. Let p(k) = -2*o(k) + s(k). Calculate p(n).
23
Let u(t) = t**3 - 11*t**2 + 29*t - 1. Let z be u(4). Let w(b) = -b**3 + 2*b + 4 + 6 + z*b**2 - 13. Give w(4).
-11
Let v(c) = -c**3 - 2*c**2 - 2*c - 21. Let g be v(-4). Suppose -25*r + 12 = -g*r. Let m(j) = j**2 - 2*j + 1. Calculate m(r).
1
Let d = -163 + 163. Let i(s) = 10 - 9 + s - 17*s**2 + d - 2. Determine i(1).
-17
Let v(d) = -633*d**2 - 29*d + 49. Let t(f) = 115*f**2 + 6*f - 10. Let y(m) = -11*t(m) - 2*v(m). Calculate y(-7).
117
Let o(c) = -3*c**2 - 8*c - 1. Let j be o(-6). Let q = j - -65. Suppose 5*y = 2*m - 5*m + q, 4*y = -4*m. Let p(a) = -a**3 - a**2 - 2*a - 1. Determine p(m).
7
Let a(o) be the third derivative of o**7/2520 + o**6/90 + o**5/12 + o**4/12 - 21*o**3/2 + 84*o**2. Let w(f) be the second derivative of a(f). What is w(-7)?
3
Let t(o) = 10*o**3 + 1. Let s = 96 - 96. Suppose 5*g + 63 = -3*h, s = -3*g + 8*g. Let n be (-27)/h + (-6)/21. Give t(n).
11
Let x(q) = 234284*q - 468575*q + 234280*q + 146. Determine x(13).
3
Let s(d) = 7*d**2 + d**3 + 7*d**2 + 8*d + 15 + 6*d. Let x = -875490 + 875477. Give s(x).
2
Let k(g) be the third derivative of 1/60*g**5 + 0*g - 5/24*g**4 + 7*g**2 - 1 - 5/6*g**3. Calculate k(7).
9
Suppose 56 = 2*m + l, 8*l = -3*m + 3*l + 98. Let d = 28 - m. Let p(c) = -11*c**2 + c - 3. Let o(i) = 2*i**2 + i. Let b(n) = 5*o(n) + p(n). What is b(d)?
5
Let t(f) be the third derivative of 0*f - 99*f**2 + 0 + 1/3*f**3 - 1/24*f**4. What is t(3)?
-1
Let q = -16844 - -16842. Let u(c) = -8*c - 16 - 4*c + 4*c + 19. Give u(q).
19
Let j = 110 + -108. Suppose j*v = 4*v - 2. Let d(k) = 14*k + 1. Determine d(v).
15
Let c(v) = -v**3 - 6*v**2 + 8*v + 7. Let p = -154 + 109. Let b = p + 48. Suppose q - b*q = 14. Calculate c(q).
0
Let j be -6 - (1 + -10 + 8). Let t be (1 - (-4)/(-5))*j. Let y(a) = 10*a**3 - 2*a**2 - a. Calculate y(t).
-11
Let v(x) be the second derivative of x**5/20 - 11*x**4/12 + 5*x**3/2 - 20*x**2 - 3317*x. Calculate v(10).
10
Let i(o) = -o**2 + 7*o + 32. Suppose 1332 - 192 = -228*q. What is i(q)?
-28
Suppose -113*q + 100*q = -26. Let a(h) = -5*h + h**2 + 5*h - h**3 - 11*h**q - 1 + h**2. Calculate a(-9).
-1
Let c(z) = -z - 12. Suppose -5*r + 1703 = 3*u, -18*r + 16*r + 4*u + 702 = 0. Let o = r - 348. Calculate c(o).
-7
Suppose v - 4*r - 12 - 11 = 0, 3*v = 5*r + 34. Let f be (133/7 + 2)*5/15. Let y(g) = -8 - 14*g**3 + f*g**v + 8*g**3 - 6*g**2. Give y(6).
-8
Let u(q) be the second derivative of -5*q**4/2 - q**3/6 + 3*q**2/2 - 3*q + 580. Calculate u(1).
-28
Let f(w) be the third derivat